le of 18?
False
Does 162 divide 380214?
True
Is 978860 a multiple of 340?
True
Is 3167197 a multiple of 466?
False
Is 64 a factor of 112192?
True
Is 115584 a multiple of 672?
True
Is 1237940 a multiple of 14?
False
Does 5 divide 354154?
False
Does 255 divide 7841618?
False
Is 158115 a multiple of 249?
True
Is 51496 a multiple of 82?
True
Does 1895 divide 1637280?
True
Is 10390009 a multiple of 833?
True
Does 53 divide 118049?
False
Does 4 divide 37484?
True
Is 4750083 a multiple of 117?
True
Does 7 divide 63394?
False
Is 13948677 a multiple of 49?
False
Is 2779711 a multiple of 27?
False
Is 111658 a multiple of 9?
False
Is 8711624 a multiple of 13?
False
Does 17 divide 174030?
False
Does 9 divide 849979?
False
Does 88 divide 8759256?
True
Does 4 divide 2462236?
True
Is 304864 a multiple of 14?
True
Is 1919242 a multiple of 13?
True
Is 35448 a multiple of 7?
True
Is 17 a factor of 424490?
True
Is 26 a factor of 144792?
False
Is 968220 a multiple of 54?
True
Is 7234909 a multiple of 753?
False
Is 265 a factor of 68255?
False
Does 2 divide 74058?
True
Is 50532 a multiple of 238?
False
Is 20 a factor of 1325232?
False
Is 13306 a multiple of 34?
False
Is 9067625 a multiple of 1505?
True
Is 98 a factor of 2300354?
True
Is 7 a factor of 383432?
True
Is 48960 a multiple of 24?
True
Is 1030 a factor of 22952520?
True
Does 735 divide 6367544?
False
Does 840 divide 19147337?
False
Is 15 a factor of 1106895?
True
Is 3757421 a multiple of 5?
False
Is 9 a factor of 688041?
True
Is 627555 a multiple of 115?
True
Is 84870 a multiple of 15?
True
Is 222597 a multiple of 116?
False
Is 220161 a multiple of 11?
False
Does 42 divide 298639?
False
Does 12 divide 612684?
True
Is 1525729 a multiple of 25?
False
Is 9487 a multiple of 214?
False
Is 1796940 a multiple of 36?
True
Does 34 divide 1063317?
False
Does 17 divide 653208?
True
Is 28 a factor of 3739260?
True
Is 6425437 a multiple of 192?
False
Is 107 a factor of 6895550?
False
Is 339378 a multiple of 39?
True
Is 13 a factor of 516802?
True
Is 11769112 a multiple of 217?
False
Does 8 divide 234039?
False
Is 205 a factor of 248665?
True
Does 4 divide 80996?
True
Does 502 divide 3326252?
True
Is 34636 a multiple of 2?
True
Is 44 a factor of 1218712?
True
Is 824511 a multiple of 500?
False
Does 111 divide 247162?
False
Does 6 divide 170795?
False
Does 79 divide 1123781?
False
Is 35594 a multiple of 26?
True
Is 4938504 a multiple of 1041?
True
Is 431 a factor of 146540?
True
Is 6887664 a multiple of 24?
True
Does 162 divide 1580234?
False
Does 15 divide 571980?
True
Is 23 a factor of 8672456?
False
Is 3 a factor of 296727?
True
Is 47260 a multiple of 20?
True
Is 5036784 a multiple of 25?
False
Is 4198 a multiple of 108?
False
Is 189 a factor of 214554?
False
Is 376 a factor of 28576?
True
Is 40 a factor of 589680?
True
Is 14 a factor of 9327360?
True
Does 10 divide 311278?
False
Does 79 divide 76077?
True
Does 33 divide 455098?
False
Is 183413 a multiple of 17?
True
Is 34 a factor of 235960?
True
Is 634610 a multiple of 10?
True
Is 5 a factor of 14325?
True
Is 95 a factor of 1833924?
False
Is 772 a factor of 456793?
False
Is 2433310 a multiple of 22?
True
Is 15978127 a multiple of 5?
False
Is 1109 a factor of 2364593?
False
Is 101235 a multiple of 51?
True
Does 76 divide 235068?
True
Is 176 a factor of 266563?
False
Is 20 a factor of 1850700?
True
Does 29 divide 32568?
False
Is 592800 a multiple of 608?
True
Does 131 divide 1134227?
False
Does 12 divide 2407309?
False
Does 87 divide 579218?
False
Is 2334198 a multiple of 1126?
True
Is 18 a factor of 3457?
False
Is 2063806 a multiple of 21?
False
Does 2 divide 1599969?
False
Is 57 a factor of 116907?
True
Is 809298 a multiple of 27?
True
Does 33 divide 125154?
False
Is 121 a factor of 502876?
True
Is 263 a factor of 409754?
True
Is 28 a factor of 107927?
False
Does 9 divide 14750?
False
Is 17 a factor of 2283933?
True
Does 3 divide 24729?
True
Is 1035823 a multiple of 389?
False
Does 112 divide 57227?
False
Does 41 divide 450056?
False
Is 30640 a multiple of 80?
True
Is 24 a factor of 1126356?
False
Is 10 a factor of 3427842?
False
Does 872 divide 2781680?
True
Does 13 divide 6276968?
False
Does 10 divide 4688690?
True
Does 217 divide 31042?
False
Is 2 a factor of 21844?
True
Is 2117152 a multiple of 13?
False
Is 19 a factor of 7892648?
False
Does 109 divide 78262?
True
Is 163155 a multiple of 89?
False
Is 52 a factor of 754668?
False
Is 11 a factor of 2098613?
True
Is 5847502 a multiple of 84?
False
Does 48 divide 465783?
False
Does 163 divide 14382?
False
Is 329 a factor of 444455?
False
Does 253 divide 132825?
True
Is 7754156 a multiple of 9?
False
Is 4330465 a multiple of 116?
False
Does 8 divide 4558677?
False
Does 22 divide 2299836?
True
Does 210 divide 223957?
False
Is 1810560 a multiple of 29?
False
Is 183814 a multiple of 146?
True
Is 776984 a multiple of 31?
True
Is 164 a factor of 240597?
False
Is 20827 a multiple of 27?
False
Does 23 divide 179832?
False
Is 633408 a multiple of 9?
False
Does 19 divide 347301?
True
Does 105 divide 9543422?
False
Is 364 a factor of 5692434?
False
Does 18 divide 580050?
True
Is 488 a factor of 2382416?
True
Does 222 divide 218004?
True
Is 86 a factor of 215348?
False
Is 215460 a multiple of 19?
True
Is 14 a factor of 833354?
False
Is 154 a factor of 231462?
True
Is 113 a factor of 228373?
True
Does 9 divide 322518?
False
Is 405080 a multiple of 20?
True
Does 10 divide 123600?
True
Is 190486 a multiple of 41?
True
Is 19162 a multiple of 13?
True
Does 12 divide 187656?
True
Is 162311 a multiple of 12?
False
Does 1006 divide 1256437?
False
Is 21 a factor of 2047903?
False
Does 298 divide 9871250?
True
Is 60906 a multiple of 287?
False
Is 11516500 a multiple of 500?
True
Does 43 divide 29985?
False
Is 40 a factor of 203576?
False
Is 42 a factor of 78199?
False
Is 47 a factor of 1201798?
False
Is 1010 a factor of 2670440?
True
Is 9273 a multiple of 2?
False
Is 20 a factor of 780040?
True
Is 35612 a multiple of 14?
False
Is 12877704 a multiple of 1336?
True
Is 3424456 a multiple of 118?
False
Is 30 a factor of 13506845?
False
Does 13 divide 420125?
False
Is 985985 a multiple of 19?
False
Is 17 a factor of 1740817?
True
Is 29 a factor of 3066708?
False
Is 2173086 a multiple of 414?
True
Is 118038 a multiple of 49?
False
Is 475696 a multiple of 400?
False
Does 311 divide 434778?
True
Does 32 divide 618545?
False
Is 14 a factor of 26715?
False
Does 171 divide 3964577?
False
Is 23 a factor of 1585666?
True
Does 347 divide 9041085?
True
Is 821574 a multiple of 234?
True
Is 7079 a multiple of 142?
False
Is 4937461 a multiple of 7?
False
Does 235 divide 5360101?
False
Is 120 a factor of 2235000?
True
Is 59 a factor of 21813067?
True
Is 48178 a multiple of 221?
True
Is 374360 a multiple of 56?
True
Is 77 a factor of 103180?
True
Is 15525 a multiple of 6?
False
Is 295 a factor of 17261040?
True
Is 16607484 a multiple of 734?
True
Is 617189 a multiple of 270?
False
Is 227574 a multiple of 14?
False
Does 101 divide 416135?
False
Is 1039031 a multiple of 151?
True
Is 7525152 a multiple of 318?
True
Is 26 a factor of 7989595?
False
Does 758 divide 7257850?
True
Is 12 a factor of 1125197?
False
Does 669 divide 1685651?
False
Is 20 a factor of 98015?
False
Does 2 divide 300619?
False
Is 161058 a multiple of 51?
True
Does 99 divide 16566561?
True
Is 214 a factor of 303666?
True
Is 158004 a multiple of 5?
False
Is 355 a factor of 2458698?
False
Is 3 a factor of 68037?
True
Is 666400 a multiple of 238?
True
Is 48670 a multiple of 10?
True
Does 75 divide 155100?
True
Does 717 divide 14934393?
True
Is 59700 a multiple of 398?
True
Is 540 a factor of 16313940?
True
Is 545792 a multiple of 164?
True
Is 13248896 a multiple of 33?
False
Does 5 divide 1382970?
True
Does 220 divide 3153051?
False
Is 12070960 a multiple of 145?
True
Does 224 divide 6834240?
True
Does 19 divide 157028?
False
Is 60791 a multiple of 8?
False
Is 326922 a multiple of 309?
True
Is 45 a factor of 3150?
True
Is 9038540 a multiple of 23?
True
Is 92 a factor of 150144?
True
Is 87264 a multiple of 6?
True
Is 21 a factor of 17502?
False
Is 44 a factor of 14952260?
False
Does 203 divide 9932993?
True
Is 863 a factor of 4476381?
True
Is 313 a factor of 1477047?
True
Does 89 divide 2